er when 772 is divided by 139?
77
Calculate the remainder when 1214 is divided by 69.
41
Calculate the remainder when 3414693 is divided by 948.
945
What is the remainder when 8026 is divided by 187?
172
Calculate the remainder when 3469 is divided by 429.
37
What is the remainder when 9562 is divided by 563?
554
Calculate the remainder when 216831 is divided by 40.
31
What is the remainder when 12312 is divided by 308?
300
What is the remainder when 19150 is divided by 25?
0
Calculate the remainder when 146865 is divided by 190.
185
What is the remainder when 5709 is divided by 167?
31
Calculate the remainder when 6490258 is divided by 540.
538
What is the remainder when 4952 is divided by 207?
191
Calculate the remainder when 988 is divided by 326.
10
What is the remainder when 21599 is divided by 625?
349
Calculate the remainder when 597815 is divided by 1368.
1367
Calculate the remainder when 385456 is divided by 96362.
8
Calculate the remainder when 4351 is divided by 403.
321
What is the remainder when 3860 is divided by 1904?
52
What is the remainder when 43874 is divided by 402?
56
Calculate the remainder when 13918 is divided by 6910.
98
Calculate the remainder when 216237 is divided by 84.
21
What is the remainder when 16529 is divided by 262?
23
Calculate the remainder when 368617 is divided by 7372.
17
Calculate the remainder when 8311 is divided by 1527.
676
What is the remainder when 401 is divided by 191?
19
Calculate the remainder when 1293 is divided by 319.
17
What is the remainder when 10389 is divided by 1486?
1473
What is the remainder when 938 is divided by 35?
28
What is the remainder when 24941 is divided by 12448?
45
Calculate the remainder when 11120 is divided by 657.
608
What is the remainder when 12679 is divided by 15?
4
What is the remainder when 4123 is divided by 262?
193
What is the remainder when 2639 is divided by 5?
4
Calculate the remainder when 7707 is divided by 89.
53
Calculate the remainder when 39497 is divided by 158.
155
What is the remainder when 50199 is divided by 9?
6
Calculate the remainder when 282349 is divided by 260.
249
Calculate the remainder when 1907 is divided by 1907.
0
Calculate the remainder when 108151 is divided by 4.
3
What is the remainder when 163132 is divided by 342?
340
What is the remainder when 57122 is divided by 1120?
2
What is the remainder when 534 is divided by 18?
12
What is the remainder when 8984 is divided by 833?
654
Calculate the remainder when 2036 is divided by 130.
86
Calculate the remainder when 21674 is divided by 126.
2
What is the remainder when 32270 is divided by 6451?
15
What is the remainder when 3874 is divided by 297?
13
What is the remainder when 6584 is divided by 183?
179
Calculate the remainder when 9285 is divided by 3093.
6
Calculate the remainder when 5783 is divided by 161.
148
Calculate the remainder when 1595297 is divided by 1075.
1072
Calculate the remainder when 67914 is divided by 2716.
14
Calculate the remainder when 103035 is divided by 11.
9
Calculate the remainder when 650834 is divided by 3874.
2
Calculate the remainder when 10275 is divided by 1005.
225
What is the remainder when 2863 is divided by 175?
63
What is the remainder when 2070 is divided by 1849?
221
What is the remainder when 542589 is divided by 18?
15
What is the remainder when 21608 is divided by 2506?
1560
What is the remainder when 2558 is divided by 1540?
1018
What is the remainder when 11934 is divided by 1989?
0
What is the remainder when 348 is divided by 238?
110
Calculate the remainder when 14048 is divided by 1404.
8
Calculate the remainder when 1686 is divided by 21.
6
Calculate the remainder when 3039 is divided by 2965.
74
Calculate the remainder when 35620 is divided by 3550.
120
What is the remainder when 722 is divided by 124?
102
What is the remainder when 62965 is divided by 15?
10
Calculate the remainder when 2128 is divided by 174.
40
Calculate the remainder when 69 is divided by 58.
11
Calculate the remainder when 131073 is divided by 34.
3
What is the remainder when 162964 is divided by 54312?
28
Calculate the remainder when 3300 is divided by 186.
138
What is the remainder when 30767 is divided by 10252?
11
Calculate the remainder when 87575 is divided by 89.
88
Calculate the remainder when 7821 is divided by 24.
21
What is the remainder when 775475 is divided by 698?
695
What is the remainder when 13628 is divided by 673?
168
What is the remainder when 4503 is divided by 3491?
1012
Calculate the remainder when 9387 is divided by 150.
87
What is the remainder when 6430 is divided by 3101?
228
Calculate the remainder when 640337 is divided by 10672.
17
What is the remainder when 103250 is divided by 17206?
14
What is the remainder when 3664 is divided by 21?
10
What is the remainder when 438 is divided by 61?
11
Calculate the remainder when 2759 is divided by 60.
59
What is the remainder when 1042 is divided by 355?
332
What is the remainder when 4392382 is divided by 64?
62
What is the remainder when 22757 is divided by 714?
623
Calculate the remainder when 1904361 is divided by 28.
25
Calculate the remainder when 40481 is divided by 135.
116
Calculate the remainder when 295317 is divided by 149.
148
Calculate the remainder when 430378 is divided by 20.
18
Calculate the remainder when 323097 is divided by 106.
9
What is the remainder when 602187 is divided by 10?
7
Calculate the remainder when 108118 is divided by 204.
202
What is the remainder when 62715 is divided by 20877?
84
Calculate the remainder when 48075 is divided by 7.
6
Calculate the remainder when 112437 is divided by 209.
204
Calculate the remainder when 2937598 is divided by 1836.
1834
Calculate the remainder when 52993 is divided by 13216.
129
Calculate the remainder when 24311 is divided by 105.
56
Calculate the remainder when 1353 is divided by 17.
10
Calculate the remainder when 1770050 is divided by 86.
84
What is the remainder when 29082 is divided by 1817?
10
Calculate the remainder when 1465294 is divided by 147.
145
What is the remainder when 4172 is divided by 322?
308
Calculate the remainder when 421 is divided by 417.
4
What is the remainder when 335625 is divided by 55937?
3
Calculate the remainder when 17525 is divided by 373.
367
What is the remainder when 52205 is divided by 2747?
12
Calculate the remainder when 86320 is divided by 43156.
8
Calculate the remainder when 14986 is divided by 884.
842
Calculate the remainder when 920784 is divided by 20017.
2
Calculate the remainder when 21399 is divided by 187.
81
What is the remainder when 1004 is divided by 20?
4
Calculate the remainder when 166410 is divided by 83198.
14
What is the remainder when 1299 is divided by 39?
12
What is the remainder when 251943 is divided by 2768?
55
Calculate the remainder when 240126 is divided by 2825.
1
Calculate the remainder when 41177 is divided by 349.
344
What is the remainder when 4617 is divided by 110?
107
What is the remainder when 344512 is divided by 28?
0
Calculate the remainder when 10874 is divided by 75.
74
Calculate the remainder when 446249 is divided by 63744.
41
Calculate the remainder when 273782 is divided by 9777.
26
What is the remainder when 1512 is divided by 1509?
3
Calculate the remainder when 14646 is divided by 3638.
94
Calculate the remainder when 171548 is divided by 243.
233
What is the remainder when 426876 is divided by 74?
44
Calculate the remainder when 8384 is divided by 556.
44
What is the remainder when 59207 is divided by 29600?
7
Calculate the remainder when 5060 is divided by 839.
26
Calculate the remainder when 72616 is divided by 18153.
4
Calculate the remainder when 147227 is divided by 340.
7
What is the remainder when 2659 is divided by 1094?
471
Calculate the remainder when 3080 is divided by 82.
46
What is the remainder when 28985 is divided by 475?
10
What is the remainder when 3063 is divided by 160?
23
What is the remainder when 11942 is divided by 746?
6
Calculate the remainder when 3443 is divided by 16.
3
What is the remainder when 316 is divided by 2?
0
What is the remainder when 2065 is divided by 847?
371
What is the remainder when 123819 is divided by 30941?
55
Calculate the remainder when 14780 is divided by 7386.
8
